= -4*t, 2*t + 2*f + 1 = 7. Give p(t).
3
Let v be 3/4 - (1/3)/((-12)/(-27)). Let u(b) = b**3 + b - 36. What is u(v)?
-36
Let o(k) = -2*k**2 - 31*k - 14. Let q(y) = -3*y**2 - 53*y - 28. Let z(s) = -5*o(s) + 3*q(s). Let a = 13 - 7. Give z(a).
-2
Let t(i) = -i**2 + i + 1. Let g(y) = -28 - 5*y + 2*y**2 + 20 + 5*y**2. Let o(p) = g(p) + 6*t(p). Calculate o(1).
0
Let k(h) = 3*h + 24. Suppose -3*u = -3*n - 36, 90*u - 86*u + 32 = -4*n. Calculate k(n).
-6
Let i(z) = z**3 - 6*z**2 - 2*z + 3. Let g = 139 + -53. Suppose -g = -12*f - 14. Calculate i(f).
-9
Let d(r) = -8*r - 23. Let g(p) = 2*p + 1. Let z(i) = d(i) + 6*g(i). Suppose 2*l - 12 = -2*w, -6*l + w = -3*l - 18. Calculate z(l).
7
Let r(h) be the third derivative of 19/6*h**3 + 0*h + 3/40*h**5 - 8*h**2 + 0 - 1/12*h**4. Let n(f) be the first derivative of r(f). What is n(-2)?
-20
Suppose 2*n - 198 = 19*y - 14*y, -3*n - 5*y = -297. Let t(f) = 46 + f + 49 - n. Calculate t(4).
0
Let x(k) = 5*k + 123. Let h be x(-22). Let f(v) = v**2 - 7*v + 15*v - 4*v + 3 - h*v. Give f(8).
-5
Suppose 56*b + 846 = 62. Let f(a) = a**3 + 16*a**2 + 22*a - 18. Calculate f(b).
66
Let d(r) = -11*r + 6*r**2 - 6 + 21*r + r**3 + 8*r - 14*r + 1. What is d(-7)?
-82
Let s(c) = -24*c**3 + 5*c**2 - 5*c + 1. Let u = -6678 - -6679. What is s(u)?
-23
Let b(v) = 1 + 6 - 5*v - 50 + 39 + 9. Determine b(-3).
20
Suppose 0 = -21*s + 13*s + 86928. Let y(i) = -s - i + 10866. Give y(2).
-2
Let g(o) = -o**3 + o**2 + o + 48. Suppose 0 = -445*r + 471*r. Calculate g(r).
48
Let x(u) = 10 + 317*u**3 - 14*u - 156*u**3 + 15*u**2 + 0*u - 160*u**3. Calculate x(-16).
-22
Let y(k) = -25*k + 103. Let w = -36040 - -36044. Determine y(w).
3
Let u(h) be the second derivative of h**5/20 + h**4/3 + h**3/6 - h**2/2 + 18041*h. Let l(t) = t + 2. Let p be l(-5). Calculate u(p).
5
Let d(l) = -5*l. Suppose -9*o + 12*o = 4*k - 16, 0 = -2*o - 3*k - 39. Let i(y) = -y**2 - 15*y - 32. Let c be i(o). Calculate d(c).
-20
Suppose 3*g + 5*x = -16 - 3, 4*x = -5*g - 36. Let c(p) = 11*p**2 - 13*p + 46. Let h(k) = 7*k**2 - 9*k + 30. Let j(l) = g*h(l) + 5*c(l). What is j(7)?
-10
Let c be -7 + -20 + 9 + -2. Let x(q) = -13*q - 251. Determine x(c).
9
Let w(v) = -3*v**2 - 83*v + 57. Let u(a) = a**2 + 40*a + 2. Let b(c) = 2*u(c) + w(c). Determine b(7).
-9
Let s(q) be the third derivative of -1/120*q**6 + 0 - 5/6*q**3 + 7/60*q**5 + q - 1/6*q**4 + 5*q**2. Calculate s(6).
7
Let v = -2887 + 2898. Let m(z) be the third derivative of -z**6/120 + z**5/5 - z**4/2 + z**3 - 10*z**2. Determine m(v).
-5
Suppose -60*p + 3*f = -71*p - 115, 0 = p + f + 9. Let n(c) = 16*c + 171. Give n(p).
-5
Let z(u) = u**2 + 125*u + 248. Let q be z(-2). Let a(p) = 4*p**2 + 7*p - 27. Calculate a(q).
3
Suppose -184 = -116*b + 34*b - 20. Let v = 0 - -1. Let m(a) = -2*a + 39*a**2 - v - 17*a**2 - 21*a**b. Give m(5).
14
Suppose 78*u = -62*u - 17*u + 942. Suppose -2 = -3*g + 10. Let f(z) = -z**2 + u - 9 - 7*z - 4*z**2 + g*z**2. What is f(-7)?
-3
Suppose 2*h - 5*y - 21 = 0, 20 = 3*h - y + 5*y. Let c(q) = 4 - h + 71*q - 2*q**2 - 78*q. Let s be 1*14/(-2) + 3. Calculate c(s).
-8
Let s(i) = 4 + 5 - 8 - 2. Let h(d) = d + 2. Let k(u) = 2*h(u) - s(u). Determine k(-7).
-9
Let k(y) = -y**2 + 24*y - 128. Let q be k(14). Suppose q*n - 16 + 4 = 0. Let b(d) = -26*d**2 - d. Determine b(n).
-27
Let c(m) = -2*m**2 + 16*m - 3. Let i be c(7). Let a(s) = 5*s + 83. Let l(u) = u + 17. Let p(o) = i*l(o) - 2*a(o). Determine p(-14).
7
Let d(z) be the third derivative of -z**5/60 + z**4/3 - z**3/6 + 10*z**2. Let p(s) = -9*s**2 - s. Let c be p(1). Let j be c/(-8)*4 - -1. What is d(j)?
11
Let w(a) = -23*a - 38*a - 38*a + 101*a + 8. Give w(-7).
-6
Let c(x) be the first derivative of -x**5/5 - x**4/24 + 85*x**3/3 + 14. Let u(o) be the third derivative of c(o). Determine u(1).
-25
Let z(y) = y**3 - 18*y**2 + 13*y + 7. Let u(j) = j**2 + 25*j - 529. Let l be u(-39). Calculate z(l).
-61
Let b(x) = -4*x**2 + 509*x - 507. Let t be b(1). Let s(a) = -4*a**2 + 4*a. Suppose -1 = -4*o + 3. Let f(m) = -m**2 + m. Let p(c) = o*s(c) - 5*f(c). Give p(t).
6
Let j(k) = -7*k + 3*k**3 + 2 + 6*k**2 - 3*k**3 - k**3. Suppose -2*c = 4*c + 378. Let h = 68 + c. Determine j(h).
-8
Let t be 1*4*(-7)/(-14). Let k(b) = -17*b - 14*b - 10*b + 2 + 49*b - 6*b. Let z be k(t). Let a(p) = -p**2 + 5*p + 1. What is a(z)?
-5
Let f(d) = 2*d**2 - 5*d - 5. Suppose -4*x - 44 = -15*x. Suppose -1 = -p + y, 4*y - 32 = -x*p + y. What is f(p)?
20
Suppose -3*k = 2*t + k + 2, 4*t - 17 = -k. Let a(h) = -2*h + 14. Let p be a(t). Suppose -6*m - 80 = p*m. Let j(x) = -x - 13. What is j(m)?
-5
Let l = -10508 + 10497. Let a(z) = z**2 + 17*z + 18. Determine a(l).
-48
Let f(k) be the first derivative of -k**4/4 + 8*k**3/3 - 15*k**2/2 + 15*k + 1393. What is f(6)?
-3
Let y = 12 - 13. Let l be (1*(-1 + y))/1. Let g(n) = -18*n + 11. Let d(x) = -8*x + 5. Let w(t) = 2*d(t) - g(t). Calculate w(l).
-5
Let n = 206 + -203. Let m(f) = -5*f**2 - 1338*f + 0*f**3 + 2*f**3 + 1342*f. Give m(n).
21
Suppose 0 = -4*q + 4*t - 44, 4*q - 10 = -258*t + 253*t. Let a(o) = 2 + 5*o + o**2 - 7 - 6. What is a(q)?
-11
Suppose 9*z + 115 = 32*z. Let a(p) be the third derivative of 0 + 1/60*p**z + 0*p - 1/6*p**3 - 17*p**2 + 7/24*p**4. What is a(-6)?
-7
Suppose -b - 4*v - 31 = -19, b - 12 = 2*v. Let x(u) be the third derivative of u**5/30 - u**4/4 + 2*u**3/3 - 2*u**2. Calculate x(b).
12
Suppose -7*g + 80 = -15*g. Let l(a) be the second derivative of a**4/12 + 3*a**3/2 - 11*a**2/2 - 167*a. Determine l(g).
-1
Let b(h) = 5*h**3 - 5*h**2 + 2*h + 3. Let i(q) = q**3 - q**2 + 1. Let n(f) = b(f) - 6*i(f). Give n(2).
-3
Let i = 2874 + -2893. Let a(h) = h**3 + 19*h**2 + h + 2. What is a(i)?
-17
Let d(t) = t**3 + 9*t**2 - 10*t - 15. Let n(i) = 2*i**2 - 109*i + 44. Let g be n(54). Give d(g).
-15
Suppose -a + 17 = -w, 80*w - 82*w = -5*a + 40. Let g(h) = -6*h**2 - 89*h + 18. What is g(w)?
3
Let y = -16342 - -16349. Let o(i) = -i**3 + 9*i**2 + i + 17. What is o(y)?
122
Suppose -3*k + 8*v - 20 = 4*v, v = -3*k - 10. Let g be (2/6*k)/((-7)/21). Let s(l) = -l**3 + 4*l**2 - 5*l + 5. What is s(g)?
-15
Suppose 11*v = 4*d + 12*v - 267, 0 = 5*d + 4*v - 342. Suppose 62*o - 12 = d*o. Let c(p) be the second derivative of p**3/6 - p**2 + p. Give c(o).
-5
Let j(t) = 9*t + 41. Let f be j(-4). Let l(i) = -i + 6*i - 8*i - 6 + f*i. Determine l(3).
0
Let y(j) be the second derivative of -2*j**3/3 - 2*j**2 + 2*j. Let i(w) = -w**2 - 4*w + 15. Let n be i(-6). Suppose -n*v = -54 + 66. Calculate y(v).
12
Suppose -5*j + 19 - 148 = t, 5*t = 5*j - 615. Let f be 2/4 - (-186)/t. Let v(n) = 16*n**2 + 1. Determine v(f).
17
Let y(j) = -2. Let w(t) be the second derivative of -t**3/6 + t**2 + 11*t. Let p(c) = 2*w(c) + y(c). What is p(1)?
0
Let x(p) = -p**2 + 16*p - 10. Let n be x(15). Suppose -n*j = -a + 23, -4*j - 3*a = 3 + 4. Let y(q) = 4*q**3 + 5*q**3 - 8*q**3 + 3*q**2 + 5 - 2*q. Give y(j).
-3
Let a(j) = -25 + 3*j**2 - 2*j + 7 - 3*j**2 - 34*j + 5*j**2. Give a(8).
14
Suppose -32 = b + 6*i - 18, 0 = 2*b + 3*i + 1. Let a(f) = f**3 - 2*f**2 - 9*f - 5. Calculate a(b).
-9
Let j(m) = 22403*m**2 - 2*m + 6 - 10*m**3 - 22395*m**2 + 11*m**3. Determine j(-8).
22
Let y be 3/((-1)/((-2)/(-2))). Let t(u) be the third derivative of 1/120*u**6 + 1/8*u**4 + 116*u**2 + 1/20*u**5 - 1/6*u**3 + 0*u + 0. Determine t(y).
-10
Let x(f) = -20*f**2 + 65*f + 66. Let k be x(-1). Let h(c) = -c**3 - 21*c**2 - 41*c - 62. What is h(k)?
-5
Let w(t) = 7*t**3 + 57*t**2 + 54*t + 123. Let k(m) = 4*m**3 + 28*m**2 + 26*m + 61. Let x(f) = -5*k(f) + 3*w(f). What is x(-30)?
4
Suppose 2*v + 2*u + 2*u - 28 = 0, 4*u = 16. Suppose 10*n = 4 + 16. Let y(p) = n*p**3 - 7*p**2 + 14*p**3 + p + 1 - 15*p**3. What is y(v)?
-29
Let t = -138 + 278. Let m(x) = 278*x + 5 - 139*x - t*x. What is m(-5)?
10
Let y(x) be the third derivative of -x**6/120 - x**5/6 + 11*x**4/12 - 8*x**3/3 - 18*x**2 + 3*x - 9. Give y(-12).
8
Suppose -p - 2*c - 1 = 1, -4*p + c = 26. Let g(i) = -6 - 17652*i + 36*i**2 + 17659*i + i**3 - 29*i**2. Calculate g(p).
-12
Let o be -7*24/924 + 9/(-11). Let m(w) = -36*w**3 + 1. Determine m(o).
37
Let g(p) = -7*p**2 - 10*p - 9. Let x be -8 - ((8 - (-5 + 10 + -4)) + -14). Determine g(x).
-6
Let q(r) = 5*r**2. Let d be q(-1). Let x(g) be the second derivative of -g**4/12 + g**3/2 - g**2/2 - 12860*g. What is x(d)?
-11
Let s(f) = 5*f**2 - 81